{"id":10841,"date":"2017-08-07T22:41:01","date_gmt":"2017-08-08T01:41:01","guid":{"rendered":"https:\/\/templura.com\/tienda\/?page_id=10841"},"modified":"2017-09-03T17:17:06","modified_gmt":"2017-09-03T20:17:06","slug":"clientes","status":"publish","type":"page","link":"https:\/\/templura.com\/tienda\/consultoria-marketing-negocios\/clientes\/","title":{"rendered":"Clientes de Consultor\u00eda de Negocios"},"content":{"rendered":"<p>[et_pb_section admin_label=\u00bbsection\u00bb fullwidth=\u00bboff\u00bb specialty=\u00bboff\u00bb][et_pb_row admin_label=\u00bbrow\u00bb][et_pb_column type=\u00bb1_2&#8243;][et_pb_testimonial admin_label=\u00bbRecomendaci\u00f3n\u00bb author=\u00bbDaniel N.\u00bb job_title=\u00bbDirector\u00bb company_name=\u00bbLogistic Summit &amp; Expo &#8211; MX\u00bb url_new_window=\u00bboff\u00bb portrait_url=\u00bbhttps:\/\/templura.com\/tienda\/wp-content\/uploads\/2017\/08\/logo-logistic.jpg\u00bb quote_icon=\u00bbon\u00bb use_background_color=\u00bbon\u00bb background_color=\u00bb#f5f5f5&#8243; background_layout=\u00bblight\u00bb text_orientation=\u00bbleft\u00bb use_border_color=\u00bboff\u00bb border_color=\u00bb#ffffff\u00bb border_style=\u00bbsolid\u00bb]<\/p>\n<p>Es un gusto para nuestra empresa trabajar con Gaby Garc\u00eda.<br \/>\nEn estos a\u00f1os de trabajo en conjunto hemos aprendido mucho y por sobre todo nos hemos sentido muy c\u00f3modos.<br \/>\nCuando el proveedor propone y el cliente eval\u00faa y se genera una conversaci\u00f3n muy productiva, salen los mejores resultados y estrategias.<br \/>\nHemos trabajado con Gaby desde el inicio, en el 2007 con dos expos en M\u00e9xico: Food Technology Summit y Logistic Summit &amp; Expo y ambos eventos han sido un \u00e9xito total !!!<br \/>\nEmpezaron con 5 stands y 250 visitantes cada una y hoy tenemos 300 stands y 14.000 visitantes en cada una.<br \/>\nEsto no se logra sin un verdadero trabajo en equipo , donde se proponga , eval\u00fae y se acepten las diferencias de pensamiento.<\/p>\n<p>[\/et_pb_testimonial][\/et_pb_column][et_pb_column type=\u00bb1_2&#8243;][et_pb_testimonial admin_label=\u00bbRecomendaci\u00f3n\u00bb author=\u00bbVer\u00f3nica A.\u00bb job_title=\u00bbRelaciones Institucionales\u00bb company_name=\u00bbGM Comunicaciones\u00bb url_new_window=\u00bboff\u00bb quote_icon=\u00bbon\u00bb use_background_color=\u00bbon\u00bb background_color=\u00bb#f5f5f5&#8243; background_layout=\u00bblight\u00bb text_orientation=\u00bbleft\u00bb use_border_color=\u00bboff\u00bb border_color=\u00bb#ffffff\u00bb border_style=\u00bbsolid\u00bb]<\/p>\n<p>Comenc\u00e9 a trabajar con Gabriela realizando la comunicaci\u00f3n, prensa y RRPP de la empresa internacional organizadora de ferias y exposiciones de diversos mercados e industrias, cuando ella era la coordinadora de marketing de Reed Exhibitions durante muchos a\u00f1os y luego seguimos realizando acciones conjuntas a lo largo de 18 a\u00f1os cuando ella estuvo en www.lanacion.com, como Creadora y Directora de Sabores Nativos, como creadora y Directora de Templura y otros trabajos independientes. Es una profesional excelente tanto desde sus conocimientos, como de sus aportes constantes de nuevas ideas y proyectos. Es tambi\u00e9n sumamente responsable y comprometida con sus trabajos y se distingue por su creatividad e inteligencia. Adem\u00e1s siempre est\u00e1 abierta a escuchar otras propuestas y es muy buena para trabajar en equipo, a la vez que posee un liderazgo nato. Fue un placer inmenso para mi poder desarrollar tantos proyectos con ella y ojala la vida vuelva a juntarnos en el alg\u00fan otro.<\/p>\n<p>[\/et_pb_testimonial][\/et_pb_column][\/et_pb_row][et_pb_row admin_label=\u00bbrow\u00bb][et_pb_column type=\u00bb1_2&#8243;][et_pb_testimonial admin_label=\u00bbRecomendaci\u00f3n\u00bb author=\u00bbM Cecilia I\u00bb job_title=\u00bbResponsable de Marketing On line\u00bb company_name=\u00bbRevistas Enfasis\u00bb url_new_window=\u00bboff\u00bb portrait_url=\u00bbhttps:\/\/templura.com\/tienda\/wp-content\/uploads\/2017\/08\/enfasis.jpg\u00bb quote_icon=\u00bbon\u00bb use_background_color=\u00bbon\u00bb background_color=\u00bb#f5f5f5&#8243; background_layout=\u00bblight\u00bb text_orientation=\u00bbleft\u00bb use_border_color=\u00bboff\u00bb border_color=\u00bb#ffffff\u00bb border_style=\u00bbsolid\u00bb]<\/p>\n<p>Durante los a\u00f1os que trabajamos en conjunto con Gabriela supo demostrar profesionalismo y responsabilidad. Enfocada a obtener los mejores resultados siempre y con un gran conocimiento en Marketing y Negocios es una profesional que recomiendo sin dudarlo.<\/p>\n<p>[\/et_pb_testimonial][\/et_pb_column][et_pb_column type=\u00bb1_2&#8243;][et_pb_testimonial admin_label=\u00bbRecomendaci\u00f3n\u00bb author=\u00bbMarisa B.\u00bb job_title=\u00bbGerente de RRHH.\u00bb company_name=\u00bbLA NACION\u00bb url_new_window=\u00bboff\u00bb portrait_url=\u00bbhttps:\/\/templura.com\/tienda\/wp-content\/uploads\/2017\/08\/la-nacion.png\u00bb quote_icon=\u00bbon\u00bb use_background_color=\u00bbon\u00bb background_color=\u00bb#f5f5f5&#8243; background_layout=\u00bblight\u00bb text_orientation=\u00bbleft\u00bb use_border_color=\u00bboff\u00bb border_color=\u00bb#ffffff\u00bb border_style=\u00bbsolid\u00bb]<\/p>\n<p>Trabaj\u00e9 con Gabriela en La Naci\u00f3n, en diferentes proyectos.<br \/>\nReconozco en ella solidez profesional y gran compromiso con todo lo que emprende.<br \/>\nSu experiencia y conocimiento siempre aporta a los equipos de los que participa.<br \/>\nHa sido una excelente experiencia compartir desaf\u00edos con Gabriela.<\/p>\n<p>[\/et_pb_testimonial][\/et_pb_column][\/et_pb_row][et_pb_row admin_label=\u00bbrow\u00bb][et_pb_column type=\u00bb1_2&#8243;][et_pb_testimonial admin_label=\u00bbRecomendaci\u00f3n\u00bb author=\u00bbMarcos C.\u00bb job_title=\u00bbJefe de Conferencias\u00bb company_name=\u00bbReed Exhibitions\u00bb url_new_window=\u00bboff\u00bb portrait_url=\u00bbhttps:\/\/templura.com\/tienda\/wp-content\/uploads\/2017\/08\/reed.png\u00bb quote_icon=\u00bbon\u00bb use_background_color=\u00bbon\u00bb background_color=\u00bb#f5f5f5&#8243; background_layout=\u00bblight\u00bb text_orientation=\u00bbleft\u00bb use_border_color=\u00bboff\u00bb border_color=\u00bb#ffffff\u00bb border_style=\u00bbsolid\u00bb]<\/p>\n<p>Gabriela es una excelente profesional y sobre todo colega. Su dedicaci\u00f3n, perseverancia y creatividad la han llevado a destacarse en el liderazgo de m\u00faltiples proyectos de publicidad, prensa y comunicaci\u00f3n para diferentes empresas. Como entrepreneur ha incursionado con \u00e9xito en mercados como el gastron\u00f3mico en el que desarrollo y llev\u00f3 adelante su propia empresa de productos gourmet.<\/p>\n<p>[\/et_pb_testimonial][\/et_pb_column][et_pb_column type=\u00bb1_2&#8243;][\/et_pb_column][\/et_pb_row][et_pb_row admin_label=\u00bbrow\u00bb][et_pb_column type=\u00bb1_2&#8243;][\/et_pb_column][et_pb_column type=\u00bb1_2&#8243;][\/et_pb_column][\/et_pb_row][\/et_pb_section]<\/p>\n","protected":false},"excerpt":{"rendered":"<p>Es un gusto para nuestra empresa trabajar con Gaby Garc\u00eda. En estos a\u00f1os de trabajo en conjunto hemos aprendido mucho y por sobre todo nos hemos sentido muy c\u00f3modos. Cuando el proveedor propone y el cliente eval\u00faa y se genera una conversaci\u00f3n muy productiva, salen los mejores resultados y estrategias. Hemos trabajado con Gaby desde [&hellip;]<\/p>\n","protected":false},"author":2,"featured_media":0,"parent":10739,"menu_order":0,"comment_status":"closed","ping_status":"closed","template":"","meta":{"_et_pb_use_builder":"on","_et_pb_old_content":"","_et_gb_content_width":"","footnotes":""},"class_list":["post-10841","page","type-page","status-publish","hentry"],"_links":{"self":[{"href":"https:\/\/templura.com\/tienda\/wp-json\/wp\/v2\/pages\/10841","targetHints":{"allow":["GET"]}}],"collection":[{"href":"https:\/\/templura.com\/tienda\/wp-json\/wp\/v2\/pages"}],"about":[{"href":"https:\/\/templura.com\/tienda\/wp-json\/wp\/v2\/types\/page"}],"author":[{"embeddable":true,"href":"https:\/\/templura.com\/tienda\/wp-json\/wp\/v2\/users\/2"}],"replies":[{"embeddable":true,"href":"https:\/\/templura.com\/tienda\/wp-json\/wp\/v2\/comments?post=10841"}],"version-history":[{"count":7,"href":"https:\/\/templura.com\/tienda\/wp-json\/wp\/v2\/pages\/10841\/revisions"}],"predecessor-version":[{"id":11199,"href":"https:\/\/templura.com\/tienda\/wp-json\/wp\/v2\/pages\/10841\/revisions\/11199"}],"up":[{"embeddable":true,"href":"https:\/\/templura.com\/tienda\/wp-json\/wp\/v2\/pages\/10739"}],"wp:attachment":[{"href":"https:\/\/templura.com\/tienda\/wp-json\/wp\/v2\/media?parent=10841"}],"curies":[{"name":"wp","href":"https:\/\/api.w.org\/{rel}","templated":true}]}}