{"id":10857,"date":"2017-08-07T23:05:17","date_gmt":"2017-08-08T02:05:17","guid":{"rendered":"https:\/\/templura.com\/tienda\/?page_id=10857"},"modified":"2018-06-19T16:48:53","modified_gmt":"2018-06-19T19:48:53","slug":"quienes-somos-y-como-lo-hacemos","status":"publish","type":"page","link":"https:\/\/templura.com\/tienda\/consultoria-marketing-negocios\/quienes-somos-y-como-lo-hacemos\/","title":{"rendered":"Qui\u00e9nes s\u00f3mos y c\u00f3mo lo hacemos"},"content":{"rendered":"<p>[et_pb_section bb_built=\u00bb1&#8243; admin_label=\u00bbsection\u00bb transparent_background=\u00bboff\u00bb background_color=\u00bb#cccccc\u00bb allow_player_pause=\u00bboff\u00bb inner_shadow=\u00bboff\u00bb parallax=\u00bboff\u00bb parallax_method=\u00bboff\u00bb padding_mobile=\u00bboff\u00bb make_fullwidth=\u00bboff\u00bb use_custom_width=\u00bboff\u00bb width_unit=\u00bbon\u00bb make_equal=\u00bboff\u00bb use_custom_gutter=\u00bboff\u00bb custom_padding=\u00bb0px||0px|\u00bb custom_padding_tablet=\u00bb50px|0|50px|0&#8243; custom_padding_last_edited=\u00bbon|desktop\u00bb next_background_color=\u00bb#ffffff\u00bb][et_pb_row admin_label=\u00bbrow\u00bb make_fullwidth=\u00bboff\u00bb use_custom_width=\u00bboff\u00bb width_unit=\u00bbon\u00bb use_custom_gutter=\u00bboff\u00bb custom_padding=\u00bb0px||0px|\u00bb padding_mobile=\u00bboff\u00bb allow_player_pause=\u00bboff\u00bb parallax=\u00bboff\u00bb parallax_method=\u00bboff\u00bb make_equal=\u00bboff\u00bb parallax_1=\u00bboff\u00bb parallax_method_1=\u00bboff\u00bb column_padding_mobile=\u00bbon\u00bb background_position=\u00bbtop_left\u00bb background_repeat=\u00bbrepeat\u00bb background_size=\u00bbinitial\u00bb][et_pb_column type=\u00bb4_4&#8243;][et_pb_text admin_label=\u00bbSlide\u00bb background_layout=\u00bblight\u00bb text_orientation=\u00bbcenter\u00bb use_border_color=\u00bboff\u00bb border_color=\u00bb#ffffff\u00bb border_style=\u00bbsolid\u00bb background_position=\u00bbtop_left\u00bb background_repeat=\u00bbrepeat\u00bb background_size=\u00bbinitial\u00bb module_alignment=\u00bbcenter\u00bb]<\/p>\n<p>[rev_slider slider-nosotros]<\/p>\n<p>[\/et_pb_text][\/et_pb_column][\/et_pb_row][\/et_pb_section][et_pb_section bb_built=\u00bb1&#8243; fullwidth=\u00bboff\u00bb specialty=\u00bboff\u00bb transparent_background=\u00bboff\u00bb allow_player_pause=\u00bboff\u00bb inner_shadow=\u00bboff\u00bb parallax=\u00bboff\u00bb parallax_method=\u00bboff\u00bb padding_mobile=\u00bboff\u00bb make_fullwidth=\u00bboff\u00bb use_custom_width=\u00bboff\u00bb width_unit=\u00bbon\u00bb make_equal=\u00bboff\u00bb use_custom_gutter=\u00bboff\u00bb module_id=\u00bbquienes-texto-intro\u00bb custom_padding_tablet=\u00bb50px|0|50px|0&#8243; custom_padding_last_edited=\u00bbon|desktop\u00bb prev_background_color=\u00bb#cccccc\u00bb next_background_color=\u00bb#000000&#8243;][et_pb_row background_position=\u00bbtop_left\u00bb background_repeat=\u00bbrepeat\u00bb background_size=\u00bbinitial\u00bb][et_pb_column type=\u00bb4_4&#8243;][et_pb_text admin_label=\u00bbTexto Intro Quienes\u00bb background_layout=\u00bblight\u00bb text_orientation=\u00bbleft\u00bb use_border_color=\u00bboff\u00bb border_color=\u00bb#ffffff\u00bb border_style=\u00bbsolid\u00bb header_font=\u00bbRoboto||||\u00bb header_font_size=\u00bb41px\u00bb header_text_color=\u00bb#000000&#8243; text_font=\u00bbRoboto||||\u00bb text_font_size=\u00bb21&#8243; text_text_color=\u00bb#666666&#8243; header_font_size_phone=\u00bb30px\u00bb header_font_size_last_edited=\u00bbon|phone\u00bb background_position=\u00bbtop_left\u00bb background_repeat=\u00bbrepeat\u00bb background_size=\u00bbinitial\u00bb]<\/p>\n<h1>Hoy, competir, ser reconocidos, sostener nuestro lugar<br \/>\nen el mercado, es cada vez m\u00e1s dif\u00edcil e incierto:<\/h1>\n<p>Requiere de profesionales con mentes abiertas, flexibles<br \/>\nQue est\u00e9n dispuestos a cuestionar, a repreguntarse sobre su modelo de negocio y la relaci\u00f3n con sus clientes cada vez que sea necesario.<\/p>\n<p>Conformamos un equipo con m\u00faltiples habilidades y en eso radica nuestra riqueza a la hora de proponer estrategias y solucionar problemas.<\/p>\n<h4>El motor que nos mantiene vivos y contentos, son los desaf\u00edos de nuestros clientes.<\/h4>\n<p>[\/et_pb_text][\/et_pb_column][\/et_pb_row][\/et_pb_section][et_pb_section bb_built=\u00bb1&#8243; fullwidth=\u00bboff\u00bb specialty=\u00bboff\u00bb transparent_background=\u00bboff\u00bb background_color=\u00bb#000000&#8243; allow_player_pause=\u00bboff\u00bb inner_shadow=\u00bboff\u00bb parallax=\u00bboff\u00bb parallax_method=\u00bboff\u00bb padding_mobile=\u00bboff\u00bb make_fullwidth=\u00bboff\u00bb use_custom_width=\u00bboff\u00bb width_unit=\u00bbon\u00bb make_equal=\u00bboff\u00bb use_custom_gutter=\u00bboff\u00bb custom_padding_tablet=\u00bb50px|0|50px|0&#8243; custom_padding_last_edited=\u00bbon|desktop\u00bb prev_background_color=\u00bb#ffffff\u00bb next_background_color=\u00bb#ffffff\u00bb][et_pb_row background_position=\u00bbtop_left\u00bb background_repeat=\u00bbrepeat\u00bb background_size=\u00bbinitial\u00bb][et_pb_column type=\u00bb4_4&#8243;][et_pb_text admin_label=\u00bbC\u00d3MO COBRAMOS POR NUESTRO TRABAJO\u00bb background_layout=\u00bblight\u00bb text_orientation=\u00bbcenter\u00bb use_border_color=\u00bboff\u00bb border_color=\u00bb#ffffff\u00bb border_style=\u00bbsolid\u00bb header_font_size=\u00bb48px\u00bb header_text_color=\u00bb#ffffff\u00bb header_font=\u00bbRoboto||||\u00bb header_font_size_phone=\u00bb33px\u00bb header_font_size_last_edited=\u00bbon|phone\u00bb background_position=\u00bbtop_left\u00bb background_repeat=\u00bbrepeat\u00bb background_size=\u00bbinitial\u00bb module_alignment=\u00bbcenter\u00bb]<\/p>\n<h1>C\u00d3MO COBRAMOS POR NUESTRO TRABAJO<\/h1>\n<p>[\/et_pb_text][\/et_pb_column][\/et_pb_row][et_pb_row background_position=\u00bbtop_left\u00bb background_repeat=\u00bbrepeat\u00bb background_size=\u00bbinitial\u00bb][et_pb_column type=\u00bb1_3&#8243;][et_pb_text admin_label=\u00bb AD HOC\u00bb background_layout=\u00bblight\u00bb text_orientation=\u00bbleft\u00bb header_text_color=\u00bb#ffffff\u00bb use_border_color=\u00bboff\u00bb border_color=\u00bb#ffffff\u00bb border_style=\u00bbsolid\u00bb module_class=\u00bbsop-acceso-cobramos\u00bb header_font=\u00bbRoboto|on|||\u00bb header_font_size=\u00bb24px\u00bb text_font=\u00bbRoboto||||\u00bb text_text_color=\u00bb#ffffff\u00bb text_font_size=\u00bb19&#8243; background_position=\u00bbtop_left\u00bb background_repeat=\u00bbrepeat\u00bb background_size=\u00bbinitial\u00bb]<\/p>\n<h1>PROYECTOS AD HOC<\/h1>\n<p>Necesidades espec\u00edficas que requieran de nuestra participaci\u00f3n. Pensado para casos puntuales como por ejemplo la implementaci\u00f3n de un sistema de ventas, un CRM, definir nuevos segmentos de clientes, reposicionar un producto, promover un evento importante.<\/p>\n<p>Tiene inicio y fin.<\/p>\n<p>[\/et_pb_text][\/et_pb_column][et_pb_column type=\u00bb1_3&#8243;][et_pb_text admin_label=\u00bbACOMPA\u00d1AMIENTO\u00bb background_layout=\u00bblight\u00bb text_orientation=\u00bbleft\u00bb header_text_color=\u00bb#ffffff\u00bb use_border_color=\u00bboff\u00bb border_color=\u00bb#ffffff\u00bb border_style=\u00bbsolid\u00bb module_class=\u00bbsop-acceso-cobramos\u00bb header_font=\u00bbRoboto|on|||\u00bb header_font_size=\u00bb24px\u00bb text_font=\u00bbRoboto||||\u00bb text_text_color=\u00bb#ffffff\u00bb text_font_size=\u00bb19&#8243; background_position=\u00bbtop_left\u00bb background_repeat=\u00bbrepeat\u00bb background_size=\u00bbinitial\u00bb]<\/p>\n<h1>M\u00d3DULOS DE ACOMPA\u00d1AMIENTO<\/h1>\n<p>de equipos o analistas que requieran validar decisiones de forma peri\u00f3dica, formaci\u00f3n de nuevos integrantes. Monitoreo de planes de marketing o comerciales.<\/p>\n<p>Por ejemplo durante 3 o 6 meses.<\/p>\n<p>[\/et_pb_text][\/et_pb_column][et_pb_column type=\u00bb1_3&#8243;][et_pb_text admin_label=\u00bbCONSULTORIO\u00bb background_layout=\u00bblight\u00bb text_orientation=\u00bbleft\u00bb header_text_color=\u00bb#ffffff\u00bb use_border_color=\u00bboff\u00bb border_color=\u00bb#ffffff\u00bb border_style=\u00bbsolid\u00bb module_class=\u00bbsop-acceso-cobramos\u00bb header_font=\u00bbRoboto|on|||\u00bb header_font_size=\u00bb24px\u00bb text_font=\u00bbRoboto||||\u00bb text_text_color=\u00bb#ffffff\u00bb text_font_size=\u00bb19&#8243; background_position=\u00bbtop_left\u00bb background_repeat=\u00bbrepeat\u00bb background_size=\u00bbinitial\u00bb]<\/p>\n<h1>CONSULTORIO<\/h1>\n<p>y reuniones eventuales. Escuchamos, comprendemos las dificultades y obst\u00e1culos que pueda estar atravesando la compa\u00f1\u00eda y entregamos una devoluci\u00f3n, nos convocan cuando algo molesta mucho o cuando necesitan \u201cprevenir\u201d y prepararse para evitarlo.<\/p>\n<p>Nos encontramos cuando es necesario.<\/p>\n<p>[\/et_pb_text][\/et_pb_column][\/et_pb_row][et_pb_row background_position=\u00bbtop_left\u00bb background_repeat=\u00bbrepeat\u00bb background_size=\u00bbinitial\u00bb][et_pb_column type=\u00bb4_4&#8243;][et_pb_button button_url=\u00bbhttps:\/\/templura.com\/tienda\/contactenos\/\u00bb url_new_window=\u00bboff\u00bb button_text=\u00bbCONT\u00c1CTENOS\u00bb button_alignment=\u00bbcenter\u00bb background_layout=\u00bblight\u00bb custom_button=\u00bbon\u00bb button_text_size=\u00bb24&#8243; button_text_color=\u00bb#000000&#8243; button_bg_color=\u00bb#f3b53a\u00bb button_letter_spacing=\u00bb0&#8243; button_use_icon=\u00bboff\u00bb button_icon_placement=\u00bbright\u00bb button_on_hover=\u00bbon\u00bb button_letter_spacing_hover=\u00bb0&#8243; button_font=\u00bbRoboto|on|||\u00bb \/][\/et_pb_column][\/et_pb_row][\/et_pb_section][et_pb_section bb_built=\u00bb1&#8243; fullwidth=\u00bboff\u00bb specialty=\u00bboff\u00bb transparent_background=\u00bboff\u00bb allow_player_pause=\u00bboff\u00bb inner_shadow=\u00bboff\u00bb parallax=\u00bboff\u00bb parallax_method=\u00bboff\u00bb custom_padding=\u00bb||0px|\u00bb padding_mobile=\u00bboff\u00bb make_fullwidth=\u00bboff\u00bb use_custom_width=\u00bboff\u00bb width_unit=\u00bbon\u00bb make_equal=\u00bboff\u00bb use_custom_gutter=\u00bboff\u00bb custom_padding_tablet=\u00bb50px|0|50px|0&#8243; custom_padding_last_edited=\u00bbon|desktop\u00bb prev_background_color=\u00bb#000000&#8243; next_background_color=\u00bb#000000&#8243;][et_pb_row background_position=\u00bbtop_left\u00bb background_repeat=\u00bbrepeat\u00bb background_size=\u00bbinitial\u00bb][et_pb_column type=\u00bb1_4&#8243;][et_pb_image src=\u00bbhttps:\/\/templura.com\/tienda\/wp-content\/uploads\/2017\/08\/foto-gabriela.png\u00bb show_in_lightbox=\u00bboff\u00bb url_new_window=\u00bboff\u00bb use_overlay=\u00bboff\u00bb animation=\u00bbleft\u00bb sticky=\u00bboff\u00bb align=\u00bbleft\u00bb force_fullwidth=\u00bboff\u00bb always_center_on_mobile=\u00bbon\u00bb use_border_color=\u00bboff\u00bb border_color=\u00bb#ffffff\u00bb border_style=\u00bbsolid\u00bb animation_style=\u00bbslide\u00bb animation_duration=\u00bb500ms\u00bb animation_intensity_slide=\u00bb10%\u00bb animation_direction=\u00bbleft\u00bb show_bottom_space=\u00bbon\u00bb \/][\/et_pb_column][et_pb_column type=\u00bb3_4&#8243;][et_pb_text background_layout=\u00bblight\u00bb text_orientation=\u00bbleft\u00bb header_text_color=\u00bb#000000&#8243; text_text_color=\u00bb#000000&#8243; use_border_color=\u00bboff\u00bb border_color=\u00bb#ffffff\u00bb border_style=\u00bbsolid\u00bb module_class=\u00bbtexto-quienes-gabriela\u00bb header_font=\u00bbRoboto|on|||\u00bb text_font=\u00bbRoboto||||\u00bb text_font_size=\u00bb22&#8243; header_font_size=\u00bb32px\u00bb custom_margin=\u00bb40px|||\u00bb custom_padding=\u00bb||40px|\u00bb text_line_height=\u00bb1.6em\u00bb background_position=\u00bbtop_left\u00bb background_repeat=\u00bbrepeat\u00bb background_size=\u00bbinitial\u00bb]<\/p>\n<h1>GABRIELA GARC\u00cdA TOBOADA<\/h1>\n<p>Soy el interlocutor directo con nuestros clientes en todo el proceso.<br \/>\nSoy responsable de que este equipo funcione!<\/p>\n<p>[\/et_pb_text][\/et_pb_column][\/et_pb_row][et_pb_row background_position=\u00bbtop_left\u00bb background_repeat=\u00bbrepeat\u00bb background_size=\u00bbinitial\u00bb][et_pb_column type=\u00bb4_4&#8243;][et_pb_text background_layout=\u00bblight\u00bb text_orientation=\u00bbleft\u00bb use_border_color=\u00bboff\u00bb border_color=\u00bb#ffffff\u00bb border_style=\u00bbsolid\u00bb module_class=\u00bbitem-texto-quienes-gabriela\u00bb header_font=\u00bbRoboto|on|||\u00bb header_text_color=\u00bb#787e34&#8243; text_font=\u00bbRoboto||||\u00bb text_font_size=\u00bb21&#8243; text_text_color=\u00bb#000000&#8243; header_font_size=\u00bb24px\u00bb custom_margin=\u00bb||15px|\u00bb background_position=\u00bbtop_left\u00bb background_repeat=\u00bbrepeat\u00bb background_size=\u00bbinitial\u00bb]<\/p>\n<h1>COMO EMPRENDEDORA:<\/h1>\n<p>Cuento con la experiencia de haber realizado Start Ups de 3 empresas.<br \/>\nEn el 2004 lance al mercado mi propia empresa, la primera web de delivery e e-commerce de m\u00e1s de 150 productos gourmet. Hoy ese negocio se transform\u00f3 en una plataforma de venta corporativa de regalos <a href=\"https:\/\/templura.com\/tienda\">www.templura.com<\/a><\/p>\n<p>[\/et_pb_text][et_pb_text background_layout=\u00bblight\u00bb text_orientation=\u00bbleft\u00bb use_border_color=\u00bboff\u00bb border_color=\u00bb#ffffff\u00bb border_style=\u00bbsolid\u00bb module_class=\u00bbitem-texto-quienes-gabriela\u00bb header_font=\u00bbRoboto|on|||\u00bb header_text_color=\u00bb#787e34&#8243; text_font=\u00bbRoboto||||\u00bb text_font_size=\u00bb21&#8243; text_text_color=\u00bb#000000&#8243; header_font_size=\u00bb24px\u00bb custom_margin=\u00bb||15px|\u00bb background_position=\u00bbtop_left\u00bb background_repeat=\u00bbrepeat\u00bb background_size=\u00bbinitial\u00bb]<\/p>\n<h1>Consultor\u00eda de negocios y marketing<\/h1>\n<p>Desde el a\u00f1o 2004 trabajo de forma independiente, poniendo a disposici\u00f3n de marcas y negocios mi experiencia y conocimientos en Marketing Estrat\u00e9gico y Comunicaci\u00f3n y mi especializaci\u00f3n en negocios digitales. Algunas de las empresas de las que forme parte en proyectos son:<br \/>\nEn M\u00e9xico: Encumex para Logistic Summit &amp; Expo y Food Technology Summit<br \/>\nEn Argentina: Seminario de Management Log\u00edstico, Food Technology Summit, Finca Propia, Aire y Sol Travel, Posgrados de Ingenier\u00eda de la Universidad Austral, Geo Info. <a href=\"https:\/\/templura.com\/tienda\/consultoria-marketing-negocios\/casos-de-marketing-y-negocios\/\">Ver m\u00e1s en Misiones Cumplidas<\/a>.<\/p>\n<p>[\/et_pb_text][et_pb_text background_layout=\u00bblight\u00bb text_orientation=\u00bbleft\u00bb use_border_color=\u00bboff\u00bb border_color=\u00bb#ffffff\u00bb border_style=\u00bbsolid\u00bb module_class=\u00bbitem-texto-quienes-gabriela\u00bb header_font=\u00bbRoboto|on|||\u00bb header_text_color=\u00bb#787e34&#8243; text_font=\u00bbRoboto||||\u00bb text_font_size=\u00bb21&#8243; text_text_color=\u00bb#000000&#8243; header_font_size=\u00bb24px\u00bb custom_margin=\u00bb||15px|\u00bb background_position=\u00bbtop_left\u00bb background_repeat=\u00bbrepeat\u00bb background_size=\u00bbinitial\u00bb]<\/p>\n<h1>En lo acad\u00e9mico:<\/h1>\n<p>Soy Profesora de \u201cProyecto industrial\u201d en el 5\u00b0 A\u00f1o de la Facultad de Ingenier\u00eda de la Universidad Austral<br \/>\nSoy Profesora de \u201cPlaneamiento a largo Plazo\u201d en la UBA en la carrera de Administraci\u00f3n de Empresas. Catedra de Roberto Serra.<br \/>\nFui adjunta de C\u00e1tedra en \u201cSimuladores de Negocios del Master de Marketing \u201c de la Universidad de San Andr\u00e9s.<\/p>\n<p>\u201cSoy MBA en Administraci\u00f3n Estrat\u00e9gica otorgado por la UB y Licenciada en Ciencias de la Comunicaci\u00f3n en la UBA, con especializaci\u00f3n en Opini\u00f3n P\u00fablica y Publicidad.\u201d<\/p>\n<p>[\/et_pb_text][et_pb_text background_layout=\u00bblight\u00bb text_orientation=\u00bbleft\u00bb use_border_color=\u00bboff\u00bb border_color=\u00bb#ffffff\u00bb border_style=\u00bbsolid\u00bb module_class=\u00bbitem-texto-quienes-gabriela\u00bb header_font=\u00bbRoboto|on|||\u00bb header_text_color=\u00bb#787e34&#8243; text_font=\u00bbRoboto||||\u00bb text_font_size=\u00bb21&#8243; text_text_color=\u00bb#000000&#8243; header_font_size=\u00bb24px\u00bb custom_margin=\u00bb||15px|\u00bb background_position=\u00bbtop_left\u00bb background_repeat=\u00bbrepeat\u00bb background_size=\u00bbinitial\u00bb]<\/p>\n<h1>Experiencia corporativa<\/h1>\n<p>Desde el a\u00f1o 1991 me he desempe\u00f1ado con diferentes cargos en varias empresas multinacionales, grandes grupos nacionales, empresas familiares. Reed Exhibitions, LA NACI\u00d3N, Multimedios Am\u00e9rica, Revistas \u00c9nfasis, Finca Propia, para nombrar algunas.<\/p>\n<p>[\/et_pb_text][\/et_pb_column][\/et_pb_row][et_pb_row make_fullwidth=\u00bboff\u00bb use_custom_width=\u00bboff\u00bb width_unit=\u00bbon\u00bb use_custom_gutter=\u00bboff\u00bb padding_mobile=\u00bboff\u00bb custom_margin=\u00bb||0px|\u00bb allow_player_pause=\u00bboff\u00bb parallax=\u00bboff\u00bb parallax_method=\u00bboff\u00bb make_equal=\u00bboff\u00bb parallax_1=\u00bboff\u00bb parallax_method_1=\u00bboff\u00bb column_padding_mobile=\u00bbon\u00bb background_position=\u00bbtop_left\u00bb background_repeat=\u00bbrepeat\u00bb background_size=\u00bbinitial\u00bb][et_pb_column type=\u00bb4_4&#8243;][et_pb_text use_border_color=\u00bboff\u00bb module_id=\u00bblink-in-perfil\u00bb text_font=\u00bbRoboto|||||on|||\u00bb text_font_size=\u00bb26&#8243; text_text_color=\u00bb#000000&#8243; custom_margin=\u00bb||0px|\u00bb custom_padding=\u00bb||0px|\u00bb background_position=\u00bbtop_left\u00bb background_repeat=\u00bbrepeat\u00bb background_size=\u00bbinitial\u00bb _builder_version=\u00bb3.7&#8243;]<\/p>\n<p><a href=\"https:\/\/www.linkedin.com\/in\/gabrielagarcia\/\" target=\"_blank\" rel=\"noopener\">M\u00e1s info en <\/a><\/p>\n<p>[\/et_pb_text][\/et_pb_column][\/et_pb_row][\/et_pb_section]<\/p>\n","protected":false},"excerpt":{"rendered":"<p>[rev_slider slider-nosotros] Hoy, competir, ser reconocidos, sostener nuestro lugar en el mercado, es cada vez m\u00e1s dif\u00edcil e incierto: Requiere de profesionales con mentes abiertas, flexibles Que est\u00e9n dispuestos a cuestionar, a repreguntarse sobre su modelo de negocio y la relaci\u00f3n con sus clientes cada vez que sea necesario. Conformamos un equipo con m\u00faltiples habilidades [&hellip;]<\/p>\n","protected":false},"author":2,"featured_media":0,"parent":10739,"menu_order":0,"comment_status":"closed","ping_status":"closed","template":"","meta":{"_et_pb_use_builder":"on","_et_pb_old_content":"","_et_gb_content_width":"","footnotes":""},"class_list":["post-10857","page","type-page","status-publish","hentry"],"_links":{"self":[{"href":"https:\/\/templura.com\/tienda\/wp-json\/wp\/v2\/pages\/10857","targetHints":{"allow":["GET"]}}],"collection":[{"href":"https:\/\/templura.com\/tienda\/wp-json\/wp\/v2\/pages"}],"about":[{"href":"https:\/\/templura.com\/tienda\/wp-json\/wp\/v2\/types\/page"}],"author":[{"embeddable":true,"href":"https:\/\/templura.com\/tienda\/wp-json\/wp\/v2\/users\/2"}],"replies":[{"embeddable":true,"href":"https:\/\/templura.com\/tienda\/wp-json\/wp\/v2\/comments?post=10857"}],"version-history":[{"count":82,"href":"https:\/\/templura.com\/tienda\/wp-json\/wp\/v2\/pages\/10857\/revisions"}],"predecessor-version":[{"id":11125,"href":"https:\/\/templura.com\/tienda\/wp-json\/wp\/v2\/pages\/10857\/revisions\/11125"}],"up":[{"embeddable":true,"href":"https:\/\/templura.com\/tienda\/wp-json\/wp\/v2\/pages\/10739"}],"wp:attachment":[{"href":"https:\/\/templura.com\/tienda\/wp-json\/wp\/v2\/media?parent=10857"}],"curies":[{"name":"wp","href":"https:\/\/api.w.org\/{rel}","templated":true}]}}