{"id":9841,"date":"2015-09-18T03:12:38","date_gmt":"2015-09-18T03:12:38","guid":{"rendered":"https:\/\/templura.com\/tienda\/?page_id=9841"},"modified":"2017-08-17T19:07:28","modified_gmt":"2017-08-17T22:07:28","slug":"presupuesto","status":"publish","type":"page","link":"https:\/\/templura.com\/tienda\/presupuesto\/","title":{"rendered":"Presupuesto"},"content":{"rendered":"<p>[et_pb_section transparent_background=\u00bboff\u00bb allow_player_pause=\u00bboff\u00bb inner_shadow=\u00bboff\u00bb parallax=\u00bboff\u00bb parallax_method=\u00bbon\u00bb padding_mobile=\u00bboff\u00bb make_fullwidth=\u00bboff\u00bb use_custom_width=\u00bboff\u00bb width_unit=\u00bboff\u00bb custom_width_px=\u00bb1080px\u00bb custom_width_percent=\u00bb80%\u00bb make_equal=\u00bboff\u00bb use_custom_gutter=\u00bboff\u00bb fullwidth=\u00bbon\u00bb specialty=\u00bboff\u00bb admin_label=\u00bbsection\u00bb disabled=\u00bboff\u00bb][et_pb_fullwidth_header title=\u00bbSolicitar Presupuesto\u00bb subhead=\u00bbLe agradecemos completar esta informaci\u00f3n que agilizar\u00e1 mucho la preparaci\u00f3n de nuestras sugerencias para los regalos requeridos.\u00bb background_layout=\u00bbdark\u00bb text_orientation=\u00bbcenter\u00bb header_fullscreen=\u00bboff\u00bb header_scroll_down=\u00bboff\u00bb scroll_down_icon=\u00bb%%3%%\u00bb background_color=\u00bb#94943a\u00bb parallax=\u00bboff\u00bb parallax_method=\u00bboff\u00bb content_orientation=\u00bbcenter\u00bb image_orientation=\u00bbcenter\u00bb admin_label=\u00bbPresupuesto\u00bb module_id=\u00bbheader-presupuesto\u00bb title_font_size=\u00bb30px\u00bb content_font_size=\u00bb14px\u00bb custom_button_one=\u00bboff\u00bb button_one_text_size=\u00bb20&#8243; button_one_letter_spacing=\u00bb0&#8243; button_one_use_icon=\u00bbdefault\u00bb button_one_icon_placement=\u00bbright\u00bb button_one_on_hover=\u00bbon\u00bb button_one_letter_spacing_hover=\u00bb0&#8243; custom_button_two=\u00bboff\u00bb button_two_text_size=\u00bb20&#8243; button_two_letter_spacing=\u00bb0&#8243; button_two_use_icon=\u00bbdefault\u00bb button_two_icon_placement=\u00bbright\u00bb button_two_on_hover=\u00bbon\u00bb button_two_letter_spacing_hover=\u00bb0&#8243; disabled=\u00bboff\u00bb]<\/p>\n<p>BUENOS AIRES &#8211; ARGENTINA. DESDE 2004<\/p>\n<p>[\/et_pb_fullwidth_header][\/et_pb_section][et_pb_section transparent_background=\u00bboff\u00bb allow_player_pause=\u00bboff\u00bb inner_shadow=\u00bboff\u00bb parallax=\u00bboff\u00bb parallax_method=\u00bbon\u00bb padding_mobile=\u00bboff\u00bb make_fullwidth=\u00bboff\u00bb use_custom_width=\u00bboff\u00bb width_unit=\u00bboff\u00bb custom_width_px=\u00bb1080px\u00bb custom_width_percent=\u00bb80%\u00bb make_equal=\u00bboff\u00bb use_custom_gutter=\u00bboff\u00bb fullwidth=\u00bboff\u00bb specialty=\u00bboff\u00bb admin_label=\u00bbsection\u00bb disabled=\u00bboff\u00bb][et_pb_row make_fullwidth=\u00bboff\u00bb use_custom_width=\u00bboff\u00bb width_unit=\u00bboff\u00bb custom_width_px=\u00bb1080px\u00bb custom_width_percent=\u00bb80%\u00bb use_custom_gutter=\u00bboff\u00bb gutter_width=\u00bb3&#8243; padding_mobile=\u00bboff\u00bb allow_player_pause=\u00bboff\u00bb parallax=\u00bboff\u00bb parallax_method=\u00bbon\u00bb make_equal=\u00bboff\u00bb column_padding_mobile=\u00bbon\u00bb parallax_1=\u00bboff\u00bb parallax_method_1=\u00bbon\u00bb parallax_2=\u00bboff\u00bb parallax_method_2=\u00bbon\u00bb parallax_3=\u00bboff\u00bb parallax_method_3=\u00bbon\u00bb parallax_4=\u00bboff\u00bb parallax_method_4=\u00bbon\u00bb admin_label=\u00bbrow\u00bb disabled=\u00bboff\u00bb][et_pb_column type=\u00bb4_4&#8243; disabled=\u00bboff\u00bb parallax=\u00bboff\u00bb parallax_method=\u00bbon\u00bb column_padding_mobile=\u00bbon\u00bb][et_pb_code admin_label=\u00bbC\u00f3digo\u00bb disabled=\u00bboff\u00bb]<\/p>\n<p><!-- Note : - You can modify the font style and form style to suit your website. - Code lines with comments \ufffdDo not remove this code\ufffd are required for the form to work properly, make sure that you do not remove these lines of code. - The Mandatory check script can modified as to suit your business needs. - It is important that you test the modified form before going live.--><\/p>\n<div id=\"crmWebToEntityForm\" style=\";margin: auto;\">\n<p>&nbsp;<\/p>\n<form accept-charset=\"UTF-8\" action=\"https:\/\/crm.zoho.com\/crm\/WebToLeadForm\" method=\"POST\" name=\"WebToLeads1916462000000180134\"><!-- Do not remove this code. --><input style=\"display: none;\" name=\"xnQsjsdp\" type=\"text\" value=\"b1f8e0c4937799e38365eb9e522d9ecf7e25c20013bf42dc4b67813f3ccc2acf\" \/><input id=\"zc_gad\" name=\"zc_gad\" type=\"hidden\" value=\"\" \/><input style=\"display: none;\" name=\"xmIwtLD\" type=\"text\" value=\"1eafa3bfa96931a02af917799377940f7edb6ea7e7d0a2e0af8a4376b92eaf48\" \/><input style=\"display: none;\" name=\"actionType\" type=\"text\" value=\"TGVhZHM=\" \/><input style=\"display: none;\" name=\"returnURL\" type=\"text\" value=\"https:\/\/templura.com\/tienda\/gracias-presupuesto\/\" \/><!-- Do not remove this code. --><\/p>\n<div id=\"sop-form-presupuesto\" class=\"et_pb_section et_pb_section_0 et_pb_with_background et_section_regular\">\n<div class=\" et_pb_row et_pb_row_0\">\n<div class=\"et_pb_column et_pb_column_1_2 et_pb_column_0\">\n<p>Nombre<span style=\"color: red;\">*<\/span><br \/>\n<span class=\"wpcf7-form-control-wrap\"><input class=\"wpcf7-form-control wpcf7-textarea\" maxlength=\"40\" name=\"First Name\" required=\"\" size=\"40\" type=\"text\" \/><\/span><\/p>\n<p>Apellidos<span style=\"color: red;\">*<\/span><br \/>\n<span class=\"wpcf7-form-control-wrap\"><input class=\"wpcf7-form-control wpcf7-textarea\" maxlength=\"80\" name=\"Last Name\" required=\"\" size=\"40\" type=\"text\" \/><\/span><\/p>\n<p>Mail Laboral<span style=\"color: red;\">*<\/span><br \/>\n<span class=\"wpcf7-form-control-wrap\"><input class=\"wpcf7-form-control wpcf7-textarea\" maxlength=\"100\" name=\"Email\" required=\"\" size=\"40\" type=\"text\" \/><\/span><\/p>\n<p>Tel.<span style=\"color: red;\">*<\/span><br \/>\n<span class=\"wpcf7-form-control-wrap\"> <input class=\"wpcf7-form-control wpcf7-textarea\" maxlength=\"30\" name=\"Phone\" required=\"\" size=\"40\" type=\"text\" \/><\/span><\/p>\n<p>Empresa<span style=\"color: red;\">*<\/span><br \/>\n<span class=\"wpcf7-form-control-wrap\"><input class=\"wpcf7-form-control wpcf7-textarea\" maxlength=\"100\" name=\"Company\" required=\"\" size=\"40\" type=\"text\" \/><\/span><\/p>\n<div class=\"sop-campos-left2\">\n<p>Cantidad de regalos<br \/>\n<span class=\"wpcf7-form-control-wrap\"><input class=\"wpcf7-form-control wpcf7-textarea\" maxlength=\"250\" name=\"LEADCF23\" size=\"40\" type=\"text\" \/><\/span><\/p>\n<p>Presupuesto por regalo<br \/>\n<span class=\"wpcf7-form-control-wrap\"><input class=\"wpcf7-form-control wpcf7-textarea\" maxlength=\"250\" name=\"LEADCF20\" size=\"40\" type=\"text\" \/><\/span><\/p>\n<\/div>\n<div class=\"sop-campos-left\">\n<p>Incluye IVA<br \/>\n<span class=\"wpcf7-form-control-wrap\"><select class=\"wpcf7-form-control wpcf7-select\" name=\"LEADCF21\"><option value=\"Si\">Si<\/option><option value=\"No\">No<\/option><\/select><\/span><\/p>\n<p>Clientes o Empleados<br \/>\n<span class=\"wpcf7-form-control-wrap\"><select class=\"wpcf7-form-control wpcf7-select\" name=\"LEADCF12\"><option value=\"clientes\">clientes<\/option><option value=\"empleados\">empleados<\/option><option value=\"otros\">otros<\/option><\/select><\/span><\/p>\n<p>Logo<br \/>\n<span class=\"wpcf7-form-control-wrap\"><select class=\"wpcf7-form-control wpcf7-select\" name=\"LEADCF11\"><option value=\"si\">si<\/option><option value=\"no\">no<\/option><option value=\"no aclara\">no aclara<\/option><\/select><\/span><\/p>\n<\/div>\n<p>Motivo del regalo<br \/>\n<span class=\"wpcf7-form-control-wrap\"><select style=\"width: 250px;\" name=\"LEADCF13\"><option value=\"dia de la secretaria\">dia de la secretaria<\/option><option value=\"dia del padre\/madre\">dia del padre\/madre<\/option><option value=\"dia del periodista\">dia del periodista<\/option><option value=\"entrega en evento\">entrega en evento<\/option><option value=\"fecha especial\">fecha especial<\/option><option value=\"regalo de cumplea\u00f1os\">regalo de cumplea\u00f1os<\/option><option selected=\"selected\" value=\"regalo de fin de a\u00f1o\">regalo de fin de a\u00f1o<\/option><option value=\"otro\">otro<\/option><\/select><\/span><\/p>\n<\/div>\n<div class=\"et_pb_column et_pb_column_1_2 et_pb_column_1\">\n<p>Lugar de entrega de los regalos<br \/>\n<span class=\"wpcf7-form-control-wrap\"><select class=\"wpcf7-form-control wpcf7-select\" name=\"LEADCF14\"><option value=\"en la empresa\">en la empresa<\/option><option value=\"en diferentes direcciones de clientes\">en diferentes direcciones de clientes<\/option><\/select><\/span><\/p>\n<p>Fecha aproximada de entrega<br \/>\n<span class=\"wpcf7-form-control-wrap\"> <input class=\"wpcf7-form-control wpcf7-text\" maxlength=\"250\" name=\"LEADCF15\" size=\"40\" type=\"text\" \/> <\/span><\/p>\n<p>Inter\u00e9s en tipos de regalos<br \/>\n<span class=\"wpcf7-form-control-wrap\"><select class=\"wpcf7-form-control wpcf7-select\" name=\"LEADCF16\"><option value=\"Caja navide\u00f1a\">Caja navide\u00f1a<\/option><option value=\"Gourmet con objeto de regalo\">Gourmet con objeto de regalo<\/option><option value=\"Gourmet sin objeto\">Gourmet sin objeto<\/option><option value=\"Regalo sin producto comestible ni bebida\">Regalo sin producto comestible ni bebida<\/option><\/select><\/span><\/p>\n<p>Tengo inter\u00e9s en otro tipo de regalo<br \/>\n<span class=\"wpcf7-form-control-wrap\"> <textarea class=\"wpcf7-form-control wpcf7-textarea\" cols=\"41\" maxlength=\"2000\" name=\"LEADCF17\" rows=\"5\"> <\/textarea> <\/span><\/p>\n<p>Descripci\u00f3n<br \/>\n<span class=\"wpcf7-form-control-wrap\"> <textarea class=\"wpcf7-form-control wpcf7-textarea\" cols=\"41\" maxlength=\"1000\" name=\"Description\" rows=\"5\"> <\/textarea> <\/span><\/p>\n<p>[bws_google_captcha]<\/p>\n<p><input class=\"wpcf7-form-control wpcf7-submit\" type=\"submit\" value=\"Enviar\" \/> <script> var mndFileds=new Array('Company','Last Name'); var fldLangVal=new Array('Empresa','Apellidos'); var name=''; var email=''; function checkMandatory() { for(i=0;i<mndFileds.length;i++) { var fieldObj=document.forms['WebToLeads1916462000000180134'][mndFileds[i]]; if(fieldObj) { if (((fieldObj.value).replace(\/^s+|s+$\/g, '')).length==0) { if(fieldObj.type =='file') { alert('Seleccione un archivo para cargar'); fieldObj.focus(); return false; } alert(fldLangVal[i] +' no puede estar vac\u00edo'); fieldObj.focus(); return false; } else if(fieldObj.nodeName=='SELECT') { if(fieldObj.options[fieldObj.selectedIndex].value=='-None-') { alert(fldLangVal[i] +' no puede ser nulo'); fieldObj.focus(); return false; } } else if(fieldObj.type =='checkbox'){ if(fieldObj.checked == false){ alert('Please accept '+fldLangVal[i]); fieldObj.focus(); return false; } } try { if(fieldObj.name == 'Last Name') { name = fieldObj.value; } } catch (e) {} } } if (grecaptcha.getResponse() == '') { alert('Verifique que no es un robot'); return false; } } <\/script><\/p>\n<\/div>\n<\/div>\n<\/div>\n<\/form>\n<p>[\/et_pb_code][\/et_pb_column][\/et_pb_row][\/et_pb_section]<\/p>\n<\/div>\n","protected":false},"excerpt":{"rendered":"<p>BUENOS AIRES &#8211; ARGENTINA. DESDE 2004 &nbsp; Nombre* Apellidos* Mail Laboral* Tel.* Empresa* Cantidad de regalos Presupuesto por regalo Incluye IVA Si No Clientes o Empleados clientes empleados otros Logo si no no aclara Motivo del regalo dia de la secretaria dia del padre\/madre dia del periodista entrega en evento fecha especial regalo de cumplea\u00f1os [&hellip;]<\/p>\n","protected":false},"author":2,"featured_media":0,"parent":0,"menu_order":0,"comment_status":"closed","ping_status":"open","template":"","meta":{"_et_pb_use_builder":"on","_et_pb_old_content":"","_et_gb_content_width":"","footnotes":""},"class_list":["post-9841","page","type-page","status-publish","hentry"],"_links":{"self":[{"href":"https:\/\/templura.com\/tienda\/wp-json\/wp\/v2\/pages\/9841","targetHints":{"allow":["GET"]}}],"collection":[{"href":"https:\/\/templura.com\/tienda\/wp-json\/wp\/v2\/pages"}],"about":[{"href":"https:\/\/templura.com\/tienda\/wp-json\/wp\/v2\/types\/page"}],"author":[{"embeddable":true,"href":"https:\/\/templura.com\/tienda\/wp-json\/wp\/v2\/users\/2"}],"replies":[{"embeddable":true,"href":"https:\/\/templura.com\/tienda\/wp-json\/wp\/v2\/comments?post=9841"}],"version-history":[{"count":35,"href":"https:\/\/templura.com\/tienda\/wp-json\/wp\/v2\/pages\/9841\/revisions"}],"predecessor-version":[{"id":11115,"href":"https:\/\/templura.com\/tienda\/wp-json\/wp\/v2\/pages\/9841\/revisions\/11115"}],"wp:attachment":[{"href":"https:\/\/templura.com\/tienda\/wp-json\/wp\/v2\/media?parent=9841"}],"curies":[{"name":"wp","href":"https:\/\/api.w.org\/{rel}","templated":true}]}}