{"id":14577,"date":"2024-08-29T19:22:19","date_gmt":"2024-08-29T22:22:19","guid":{"rendered":"https:\/\/templura.com\/tienda\/?post_type=product&#038;p=14577"},"modified":"2024-12-30T12:21:18","modified_gmt":"2024-12-30T15:21:18","slug":"mix-gourmet-dulce-y-salado","status":"publish","type":"product","link":"https:\/\/templura.com\/tienda\/producto\/mix-gourmet-dulce-y-salado\/","title":{"rendered":"Mix gourmet dulce y salado"},"content":{"rendered":"<p>Este regalo es uno de los m\u00e1s pedidos: un Malbec mendocino y una selecci\u00f3n de productos salados y dulces para agasajar en cualquier ocasi\u00f3n:<\/p>\n<ol>\n<li>Familia Gasc\u00f3n Malbec &#8211; Bodega Escorihuela Gasc\u00f3n<\/li>\n<li>Queso Ahumado \u2013 300 gr. &#8211; Envasado al vac\u00edo &#8211; Suipacha<\/li>\n<li>Lomo horneado con finas hierbas \u2013 300 gr. &#8211; Envasado al vac\u00edo &#8211; San Pedro<\/li>\n<li>Pat\u00e9 de tomates ahumados &#8211; 90 gr. Bariloche<\/li>\n<li>Almendras con chocolate \u2013 80 gr. Calidad premium<\/li>\n<li>Man\u00ed con Chocolate \u2013 80 gr. Calidad premium<\/li>\n<\/ol>\n<p>Presentaci\u00f3n: El precio corresponde a la caja en color kraft y guarda en azul. Puede ser entregado en caja azul, con un valor adicional.<\/p>\n<p>Somos flexibles a la hora de desarrollar los regalos. Puede pedirnos:<\/p>\n<ul>\n<li>otros modelos de caja: en madera, metal o cart\u00f3n<\/li>\n<li>cambiar la bodega o productos gourmet que se incluyen<\/li>\n<\/ul>\n","protected":false},"excerpt":{"rendered":"<p>Este regalo es uno de los m\u00e1s pedidos: un Malbec mendocino y una selecci\u00f3n de productos salados y dulces para agasajar en cualquier ocasi\u00f3n: Familia Gasc\u00f3n Malbec &#8211; Bodega Escorihuela Gasc\u00f3n Queso Ahumado \u2013 300 gr. &#8211; Envasado al vac\u00edo &#8211; Suipacha Lomo horneado con finas hierbas \u2013 300 gr. &#8211; Envasado al vac\u00edo &#8211; [&hellip;]<\/p>\n","protected":false},"featured_media":14587,"comment_status":"closed","ping_status":"closed","template":"","meta":{"_et_pb_use_builder":"","_et_pb_old_content":"","_et_gb_content_width":""},"product_brand":[],"product_cat":[363,13],"product_tag":[],"class_list":{"0":"post-14577","1":"product","2":"type-product","3":"status-publish","4":"has-post-thumbnail","6":"product_cat-mostrar-en-la-home-del-sitio","7":"product_cat-regalos-gourmet","9":"first","10":"instock","11":"shipping-taxable","12":"product-type-simple"},"_links":{"self":[{"href":"https:\/\/templura.com\/tienda\/wp-json\/wp\/v2\/product\/14577","targetHints":{"allow":["GET"]}}],"collection":[{"href":"https:\/\/templura.com\/tienda\/wp-json\/wp\/v2\/product"}],"about":[{"href":"https:\/\/templura.com\/tienda\/wp-json\/wp\/v2\/types\/product"}],"replies":[{"embeddable":true,"href":"https:\/\/templura.com\/tienda\/wp-json\/wp\/v2\/comments?post=14577"}],"wp:featuredmedia":[{"embeddable":true,"href":"https:\/\/templura.com\/tienda\/wp-json\/wp\/v2\/media\/14587"}],"wp:attachment":[{"href":"https:\/\/templura.com\/tienda\/wp-json\/wp\/v2\/media?parent=14577"}],"wp:term":[{"taxonomy":"product_brand","embeddable":true,"href":"https:\/\/templura.com\/tienda\/wp-json\/wp\/v2\/product_brand?post=14577"},{"taxonomy":"product_cat","embeddable":true,"href":"https:\/\/templura.com\/tienda\/wp-json\/wp\/v2\/product_cat?post=14577"},{"taxonomy":"product_tag","embeddable":true,"href":"https:\/\/templura.com\/tienda\/wp-json\/wp\/v2\/product_tag?post=14577"}],"curies":[{"name":"wp","href":"https:\/\/api.w.org\/{rel}","templated":true}]}}